 -15 + (16 - (31 + (27 - -35))).
-92
(9 - (9 + -7 - -5)) + 0 + (5 - 14)
-7
Evaluate -6 - (2 + -9 - (17 - (7 - (13 + -19)))).
5
What is the value of (6 - (-6 + -3 - (30 + -41))) + 3 + -37?
-30
36 + -20 + -19 + 44 + -14 + 2
29
Calculate (-8 - 2) + (90 - 54) - 56.
-30
What is the value of -1 + -5 + -3 + (-83 - -41)?
-51
41 - 2 - (17 - (-10 + (-18 - -36)))
30
What is the value of (1 + 0 - 106) + (52 - (120 + -79))?
-94
What is 191 + -151 + (5 - (-7 - -6))?
46
What is -194 + (-24 - -80) - -99?
-39
What is the value of -8 - ((-3 + 19 + -11 - -7) + -38)?
18
What is the value of -9 + 1 - (-5 + -10 + (-9 - 13))?
29
Calculate 62 + -5 + -1 + (27 - (-10 - -39)).
54
Calculate 24 - (16 - -18) - (3 - -1).
-14
What is -4 + (16 - (-3 - (-2 + 18 - 28))) - 85?
-82
Calculate (4 - (3 + 8)) + 4 - (-12 - -64 - 87).
32
(2 - 26) + -4 + 14 + -6
-20
Evaluate (34 - (12 - 3)) + 48 - 27.
46
Calculate 36 + (-2 - 61) + 72.
45
Calculate -177 + (136 - -10) - ((0 - (-2 + 2)) + -12).
-19
Calculate -113 + 104 - (13 - -16 - 17).
-21
Evaluate -22 - (-114 - -7 - -53).
32
What is (14 - 18) + -82 - (-10 - -6) - -12?
-70
-101 + 145 + (-182 - 1) - -9
-130
What is -1558 - -1501 - (-1 - (9 + 1) - 1)?
-45
0 + (7 + -13 - -2 - (3 + -25)) + 3
21
What is 10 + (16 - -7) - (-25 - -44)?
14
(-8 + (-11 - -9) - (13 + -17)) + 1
-5
Evaluate (-83 - -24 - -66) + -33.
-26
What is the value of (0 - 1 - (14 - 19)) + (2330 - 2443)?
-109
Calculate -59 + (1 - -11) + (204 - 194).
-37
What is the value of 128 + (-41 - -24 - -18) + -17 + 20?
132
What is the value of 71 + -19 + -115 - (0 + 3 + -16)?
-50
What is the value of (10 + 1 - -17) + -13 + 11 + -24?
2
What is the value of 76 - (58 + 24) - (-2 + -46)?
42
47 - 0 - (133 + -19 - 100)
33
Evaluate 0 + 3 - (6 - -4) - (103 + -97).
-13
Evaluate 5 + 7 + (1 - (7 + -5)) + -8 - -21.
24
What is -6 - (20 + -77) - 88?
-37
Calculate -5 + 6 - (37 + (5 - (2 - 1))).
-40
Calculate 8 + 0 + (669 - 718).
-41
1 + -7 + (-7 - -11) + 16 - 92
-78
What is the value of -125 + 163 - (-2 + 0) - -13?
53
What is the value of -247 + 239 - (75 + (9 - 12) - -8)?
-88
89 + 14 + -142 + 80
41
What is the value of (4 + 20 - 12) + -22 + -8 + -20?
-38
(-9 - -1) + 0 - (-6 + 4) - (2326 - 2298)
-34
(13 - 0) + -190 + 18 + 99
-60
Calculate (10 - (117 - 59)) + 76.
28
What is 41 - (-26 + 120 + -44)?
-9
Evaluate (-4 - (-13 + 4) - 1) + (-39 - (4 + 20)).
-59
What is -37 + (-60 - -119) + -10 + -1?
11
What is 26 + (10 - (10 + -30 + 14))?
42
What is -2 - (53 + -10 - 31 - (1 + 13) - -8)?
-8
What is the value of 52 + -26 + -12 - (-3 - (-6 + -15))?
-4
Calculate -123 + 135 + 18 + -9 + -11.
10
(8 - 1) + -182 + (-103 - -255)
-23
Evaluate 1916 - 1916 - (-7 + 3 - 0).
4
(-40 - -41) + -24 - (18 + -5)
-36
-6 + (111 + (-7 - 1) - 0) + -3 + 0
94
Calculate 5 - 45 - (201 - 248).
7
Calculate -25 + 5 - (17 + -15 + 4 + -4 + -5).
-17
What is the value of (-82 - -45) + -1 + 35?
-3
What is the value of (-19 - -20) + (6 - -8)?
15
What is -72 - (2 - -18 - 26) - -35?
-31
Evaluate 57 + -74 + -33 - 2.
-52
What is (-1 - 7 - (-38 - (-55 + 10))) + 23?
8
Evaluate 30 + 13 + -26 + (-11 - (-90 + 1)).
95
Calculate 76 + (-149 - (-103 + -21)).
51
Evaluate 3 - (2 + 33 + -196 + 60).
104
-6662 + 6687 + (-40 - 1)
-16
Calculate (138 - 119) + -8 + (3 - 29).
-15
Calculate 66 + -22 - (-7 + 43).
8
(-13 - 36) + -52 + 139
38
-223 - (-2 + -58) - -88
-75
Calculate -22 + 35 - (2 + (3 - 5)) - 1.
12
Evaluate (-18 - -21 - (5 + -1)) + -5 + -2 - -37.
29
Calculate -10 + (17 - 1) + -2 - 2.
2
What is (-16 - ((-6 - -1) + -2)) + 9 + 3?
3
What is -5 - -1 - -31 - (-1644 + 1597)?
74
Evaluate 57 + 14 + 29 + -45.
55
What is -7 - 3 - (7 + -3 + (-11 - 42) + -13)?
52
What is the value of 13 - (8 + (69 - 23))?
-41
Evaluate -7 + -8 + -1 + (-9 - 0) + 16.
-9
Evaluate 2 + (40 - 38) + (0 - -8).
12
Calculate 11 + (4 - (0 + (-8 - (-5 + 0)))) + -20.
-2
-27 + 38 + -31 + -58 - -31
-47
What is the value of (1 - 50) + (8 - -6 - 12)?
-47
-1 + 22 - (95 + -89 + 55)
-40
What is 1 - (3 + -8 + -6 + -7) - 15?
4
Calculate 3 - ((1 - -17) + (-22 - (-31 + -8) - 16)).
-16
What is the value of -28 + (-119 - (-15 - (-16 + 10)))?
-138
What is the value of -43 + (9 - 13) - (46 + 46 + -74)?
-65
What is the value of -81 - (-74 - (120 + -57))?
56
Evaluate (-14 - (-3 - -6)) + (155 - 92).
46
Evaluate -32 - (-36 + 48) - -93 - 150.
-101
(-1 - (8 - -1) - (5045 + -5137)) + -5 + -2
75
9 + (57 + 10 - -1 - 6 - (2 + 9))
60
What is the value of -3 + -1 + 0 + 9 + (5 - -9 - 14)?
5
Evaluate (10 - 13) + 37 - 10.
24
Evaluate 5 + -9 + -29 + (-34 - 34 - -62).
-39
Evaluate -26 + 33 - (58 + -72 + -4 + 1).
24
Evaluate -826 + 767 + 1 + 54.
-4
What is the value of -5 - -7 - (3 - -4) - (6 - -11 - -17)?
-39
(-64 - 11) + -664 + 601
-138
What is the value of (1 - -12 - ((9 - 14) + 24 + -11)) + -90?
-85
What is 65 - (12 - 25) - (9 - 3) - (1 + -9)?
80
Calculate -92 - (-87 + 9) - -58.
44
What is the value of -186 - (77 + -205) - -56?
-2
Evaluate 9 - (53 + -16 + 16 + 13).
-57
Calculate 34 + (-15 - (15 + -7)) + 0 + (0 - -39).
50
Calculate -9 - (28 - (-15 + 10 - -47) - (-47 - -2)).
-40
117 + -101 + 32 - (-2 + (3 - 0 - 10))
57
What is 2 + 73 - (-3712 + 3741)?
46
What is 42 + 2 + -10 + 5 + (1 - (7 + -7))?
40
Evaluate -25 + -33 + 47 - 38.
-49
Evaluate -17 - -3 - (-100 + (9 - 39)).
116
(-1 - 72) + 7 + -39 + -8 + 58
-55
Evaluate -59 - (-1 - (27 - 4)).
-35
-5 + 0 + 1 + (-10 + 7 - (3 - -30))
-40
(-82 - -3) + 34 + 50 - 85
-80
What is 1 + 35 + -22 + (24 - (12 - -12)) + 15?
29
Calculate 336 - 327 - 21 - (1 + -8).
-5
Evaluate (-18 - (-27 - (-21 - -18))) + -47.
-41
What is the value of (4 - -2 - -77) + (-53 + 0 - -54)?
84
What is (59 - 62) + -115 + (-16 - (-14 - (4 - 9)))?
-125
What is the value of -61 + -4 + 55 - 1?
-11
What is -4 + -15 - 20 - -69 - 123?
-93
(36 - (-18 - -49)) + 58 - -1
64
What is the value of 277 - 273 - (-14 + -4)?
22
What is the value of -22 + 1 + 275 + -277 + 8?
-15
Evaluate 12 - 8 - (-50 - (-10 + -3) - -11).
30
-23 - -19 - (0 - 23) - 9 - 5
5
-320 + 264 + 69 + 0
13
What is (-1 - -10 - (-59 + 115)) + -10 + 20?
-37
Evaluate (2 - -2) + 7 - ((-9 - -7) + 4 + -57).
66
-58 - (0 - -12 - 9 - 14 - (-9 - -3))
-53
What is the value of -28 + 9 + 26 + -23 + 45?
29
Calculate 64 + -72 + 5 + -6 - (0 + -28).
19
-15 + 1 + (-13 - -16) - (20 + (-2 - 2))
-27
Evaluate -57 + -9 + 16 + 49.
-1
Evaluate -23 - (29 - 114) - 47.
15
Evaluate 107 + -46 + -4 - 83.
-26
What is (-3 - 4) + 1 - (-7 + 4) - -11 - 12?
-4
66 - 132 - -85 - (2 + -2 - -5)
14
Evaluate -76 + 58 + -15 + 8 + 66.
41
Evaluate -48 + 54 - (-1 - ((-64 - 24) + -4 + 1)).
-84
1 + 7 + (6 - (24 - 7)) + -204 + 195
-12
What is (-7 - (2 - 3)) + 0 + -37 + 37 + -12?
-18
What is the value of (4 - 53) + 6 + -17 + (5 - -2) + 14?
-39
What is -30 + (0 - (-17 - -1)) - (-5 - -39)?
-48
What is the value of 1 + -39 + (48 - 18 - -64)?
56
Calculate 95 + 26 + 27 + -21 + -50.
77
What is the value of (-3 - 7) + 1 + (-22 + 44 - 28) + 11?
-4
Evaluate 1349 + -1345 - (1 + (-2 - 1)) - 16 - -18.
8
What is the value of 79 + (-175 - (-102 + 14))?
-8
What is -12172 + 12057 + 1 + 57?
-57
What is 4 + 16 + (8 - (-7 + 5 + 3)) + 0?
27
What is 9 + 9 + -64 + 3 + 17?
-26
(40 - (-2 - (-9 + 3))) + (44 - 32)
48
38 - (-52 + (-6 - -32) + -2)
66
39 + (-26 - (17 + -6))
2
What is 37 + -20 + -7 + -15 + -45 + (-4 - 0)?
-54
20 + -1 + 14 + (89 - 68) + -42
12
What is the value of 0 + (107 - 101 - (-1 + 16)) - (-15 + 51)?
-45
-5029 + 5042 - (0 - -54)
-41
What is the value of (25 - (-2 + 83)) + (27 - 7)?
-36
What is the value of -18 + -11 + 38 - (0 + 0 + -5 + 1)?
13
Evaluate (-166 + 167 - (4 + 3)) + (-1 - 9).
-16
-13 - -4 - (1099 + -1030)
-78
Evaluate (42 - (115 + -58)) + -14 + -13.
-42
What is the value of -29 + -24 + (-32 - -76)?
-9
Calculate -430 - -428 - ((-21 - 2) + 2).
19
What is the value of 530 + -773 - (-135 + 6)?
-114
What is the value of 119 + -4 + -6 - (-21 - (-23 - 3) - -6)?
98
What is 6 + (134 - 138) - (63 + 3 + -3)?
-61
Calculate (15 + -27 + (0 - (-7 - 0)) - -16) + -84.
-73
Evaluate 3 + (65 + -54 - -20).
34
What is 3 + (-4 + -3 - -2) + 49 + -66?
-19
(1282 - 1231) + -8 + -1 + 2 + 14 + -10
48
What is (16 - -2) + (5 - -72 - (-29 - -30))?
94
Evaluate 12 + -14 + 24 - (35 + 1).
-14
Calculate 0 + 22 - (221 - (-22 + 179)).
-42
Evaluate -3 + -3 + 22 - 38.
-22
Calculate -104 + 80 + 28 + -87.
-83
Evaluate 65 + (-79 - (54 - 21)).
-47
What is the valu